 remainder when 219 is divided by 16?
11
Calculate the remainder when 45 is divided by 4.
1
Calculate the remainder when 2906 is divided by 16.
10
Calculate the remainder when 370 is divided by 16.
2
What is the remainder when 215 is divided by 98?
19
What is the remainder when 663 is divided by 18?
15
What is the remainder when 871 is divided by 147?
136
Calculate the remainder when 1736 is divided by 5.
1
Calculate the remainder when 1098 is divided by 174.
54
What is the remainder when 345 is divided by 150?
45
Calculate the remainder when 46125 is divided by 24.
21
What is the remainder when 397 is divided by 50?
47
Calculate the remainder when 531 is divided by 13.
11
What is the remainder when 77 is divided by 33?
11
Calculate the remainder when 1055 is divided by 42.
5
What is the remainder when 1173 is divided by 21?
18
Calculate the remainder when 514 is divided by 43.
41
Calculate the remainder when 602 is divided by 66.
8
Calculate the remainder when 622 is divided by 27.
1
Calculate the remainder when 230 is divided by 27.
14
Calculate the remainder when 547 is divided by 7.
1
Calculate the remainder when 700 is divided by 121.
95
What is the remainder when 224 is divided by 20?
4
Calculate the remainder when 575 is divided by 277.
21
Calculate the remainder when 18227 is divided by 31.
30
What is the remainder when 971 is divided by 327?
317
What is the remainder when 112 is divided by 19?
17
What is the remainder when 781 is divided by 46?
45
Calculate the remainder when 2475 is divided by 32.
11
What is the remainder when 33 is divided by 15?
3
What is the remainder when 173 is divided by 59?
55
What is the remainder when 8416 is divided by 108?
100
Calculate the remainder when 1272 is divided by 25.
22
Calculate the remainder when 6807 is divided by 30.
27
What is the remainder when 7424 is divided by 47?
45
Calculate the remainder when 492 is divided by 242.
8
Calculate the remainder when 109 is divided by 93.
16
Calculate the remainder when 527 is divided by 135.
122
Calculate the remainder when 8785 is divided by 351.
10
Calculate the remainder when 352 is divided by 90.
82
Calculate the remainder when 815 is divided by 17.
16
Calculate the remainder when 463 is divided by 131.
70
What is the remainder when 775 is divided by 27?
19
What is the remainder when 2247 is divided by 18?
15
Calculate the remainder when 548 is divided by 50.
48
Calculate the remainder when 581 is divided by 303.
278
What is the remainder when 1142 is divided by 224?
22
Calculate the remainder when 327 is divided by 47.
45
Calculate the remainder when 879 is divided by 30.
9
Calculate the remainder when 449 is divided by 68.
41
What is the remainder when 46 is divided by 6?
4
What is the remainder when 28 is divided by 16?
12
Calculate the remainder when 599 is divided by 67.
63
Calculate the remainder when 152 is divided by 74.
4
What is the remainder when 227 is divided by 62?
41
What is the remainder when 1960 is divided by 93?
7
What is the remainder when 347 is divided by 91?
74
Calculate the remainder when 707 is divided by 34.
27
Calculate the remainder when 427 is divided by 29.
21
Calculate the remainder when 324 is divided by 72.
36
Calculate the remainder when 334 is divided by 2.
0
What is the remainder when 205 is divided by 73?
59
What is the remainder when 2461 is divided by 14?
11
What is the remainder when 43 is divided by 25?
18
What is the remainder when 338 is divided by 85?
83
Calculate the remainder when 1116 is divided by 39.
24
What is the remainder when 276 is divided by 94?
88
What is the remainder when 7699 is divided by 36?
31
What is the remainder when 127 is divided by 11?
6
Calculate the remainder when 1917 is divided by 496.
429
Calculate the remainder when 241 is divided by 118.
5
What is the remainder when 106145 is divided by 28?
25
Calculate the remainder when 52 is divided by 21.
10
What is the remainder when 6529 is divided by 344?
337
Calculate the remainder when 61 is divided by 13.
9
Calculate the remainder when 572 is divided by 36.
32
Calculate the remainder when 107 is divided by 16.
11
Calculate the remainder when 160 is divided by 34.
24
Calculate the remainder when 66 is divided by 14.
10
Calculate the remainder when 2735 is divided by 162.
143
Calculate the remainder when 1378 is divided by 69.
67
Calculate the remainder when 25883 is divided by 36.
35
What is the remainder when 8103 is divided by 42?
39
What is the remainder when 770 is divided by 163?
118
What is the remainder when 236 is divided by 30?
26
Calculate the remainder when 226 is divided by 24.
10
What is the remainder when 113 is divided by 40?
33
Calculate the remainder when 48 is divided by 43.
5
Calculate the remainder when 7850 is divided by 26.
24
What is the remainder when 363 is divided by 91?
90
Calculate the remainder when 49 is divided by 13.
10
Calculate the remainder when 598 is divided by 68.
54
Calculate the remainder when 1123 is divided by 559.
5
What is the remainder when 233 is divided by 13?
12
What is the remainder when 874 is divided by 363?
148
What is the remainder when 138 is divided by 16?
10
What is the remainder when 57 is divided by 46?
11
Calculate the remainder when 17 is divided by 6.
5
What is the remainder when 87 is divided by 39?
9
Calculate the remainder when 283 is divided by 92.
7
What is the remainder when 3074 is divided by 181?
178
What is the remainder when 4841 is divided by 147?
137
What is the remainder when 530 is divided by 14?
12
What is the remainder when 1601 is divided by 318?
11
Calculate the remainder when 228 is divided by 89.
50
Calculate the remainder when 478 is divided by 32.
30
Calculate the remainder when 2872 is divided by 45.
37
Calculate the remainder when 555 is divided by 28.
23
Calculate the remainder when 197 is divided by 11.
10
Calculate the remainder when 1769 is divided by 180.
149
Calculate the remainder when 334 is divided by 4.
2
What is the remainder when 242 is divided by 49?
46
Calculate the remainder when 21 is divided by 11.
10
Calculate the remainder when 812 is divided by 74.
72
What is the remainder when 2956 is divided by 165?
151
What is the remainder when 146 is divided by 59?
28
What is the remainder when 129 is divided by 15?
9
What is the remainder when 1493 is divided by 23?
21
What is the remainder when 515 is divided by 187?
141
Calculate the remainder when 548 is divided by 542.
6
What is the remainder when 207 is divided by 27?
18
Calculate the remainder when 139 is divided by 18.
13
Calculate the remainder when 28 is divided by 23.
5
What is the remainder when 1759 is divided by 252?
247
What is the remainder when 5762 is divided by 1920?
2
Calculate the remainder when 260 is divided by 66.
62
What is the remainder when 2376 is divided by 82?
80
Calculate the remainder when 1328 is divided by 655.
18
Calculate the remainder when 2324 is divided by 25.
24
What is the remainder when 46 is divided by 18?
10
What is the remainder when 217 is divided by 96?
25
Calculate the remainder when 1294 is divided by 72.
70
Calculate the remainder when 4255 is divided by 43.
41
What is the remainder when 43 is divided by 17?
9
What is the remainder when 676 is divided by 170?
166
Calculate the remainder when 884 is divided by 9.
2
Calculate the remainder when 4333 is divided by 289.
287
What is the remainder when 1255 is divided by 20?
15
What is the remainder when 267 is divided by 22?
3
Calculate the remainder when 17587 is divided by 39.
37
Calculate the remainder when 182 is divided by 63.
56
What is the remainder when 9425 is divided by 205?
200
Calculate the remainder when 284 is divided by 41.
38
Calculate the remainder when 74 is divided by 27.
20
What is the remainder when 711 is divided by 55?
51
What is the remainder when 138 is divided by 74?
64
What is the remainder when 93 is divided by 36?
21
What is the remainder when 227 is divided by 57?
56
What is the remainder when 482 is divided by 159?
5
Calculate the remainder when 2090 is divided by 664.
98
What is the remainder when 281 is divided by 244?
37
Calculate the remainder when 697 is divided by 50.
47
Calculate the remainder when 1075 is divided by 15.
10
Calculate the remainder when 5199